 -5*v - 3*l. Let j = 2 + v. Let h be (-2)/(-2)*(11 - j). What is the highest common factor of 10 and h?
10
Let q = 410 - 256. Calculate the highest common factor of q and 14.
14
Suppose -4*p = 2*h, 0 = 5*p - h - h - 18. What is the greatest common factor of 18 and p?
2
Let f(a) = -31*a - 3. Let i be f(-3). What is the highest common factor of 30 and i?
30
Suppose 13*f - 174 + 18 = 0. What is the highest common divisor of f and 132?
12
Suppose 11 = -4*u + 5*b - 6, 3 = 4*u - b. Suppose -5*y = -20, 0 = -5*m + u*y - y + 206. Calculate the highest common factor of 21 and m.
21
Let i(x) = -x**3 + 7*x**2 + 12*x - 12. Let p be i(8). Suppose -5*s + 7*s = p. What is the greatest common divisor of s and 2?
2
Let s = 9 + -7. What is the highest common factor of 16 and s?
2
Suppose -8 = 4*w - 5*w. Calculate the highest common factor of w and 24.
8
Let y = 307 - -69. Calculate the highest common factor of y and 47.
47
Suppose 0 = -4*t + 4*y + 104, 0*t - 4*y + 40 = 2*t. Suppose 4*j + 0*l = 3*l + 33, 5*l + 3 = -2*j. Calculate the greatest common factor of j and t.
6
Let s(q) = 2*q**2 - 5*q. Let u be s(-5). Calculate the highest common factor of u and 30.
15
Suppose 0 = 5*y + 2*d - 194, -3*y + 27 = -2*d - 99. Let c = y - 25. Suppose 0 = 2*s + 4, -4*s - 18 = -m - 0. Calculate the highest common factor of m and c.
5
Let a = 12 + -7. Suppose 0*j = -5*j + 90. Let p = -13 + j. What is the greatest common divisor of a and p?
5
Let h = 7 + -3. Suppose v - 5*v + 59 = 5*x, 0 = 4*x + h. Calculate the greatest common factor of v and 128.
16
Let d be (-2)/7 + (-780)/(-182). Calculate the highest common factor of 20 and d.
4
Let n = -134 + 203. Calculate the highest common factor of 3 and n.
3
Suppose -2*o = 3*b - 16, -2*b + 5*b - 4*o - 4 = 0. Let y = 93 + -83. What is the highest common divisor of y and b?
2
Let w = 11 + -9. Let a(s) = 15*s + 1. Let u be a(1). Calculate the highest common factor of w and u.
2
Suppose 7*v = 52 + 39. What is the greatest common factor of 104 and v?
13
Let s(j) = 2*j**2 - 10*j - 1. Let w be s(7). Suppose -3*p + h - 3 = -35, -3*h - 60 = -5*p. Calculate the highest common factor of w and p.
9
Let d = 4 + 1. Suppose d*p + 4*g - 258 = 0, -g - 4*g = 3*p - 147. Calculate the highest common factor of p and 6.
6
Let x be (-2)/(-5) - 78/(-5). Let c(l) = -l**2 - 14*l + 11. Let f be c(-15). Let o be (-4470)/(-40) + (-1)/f. Calculate the highest common divisor of o and x.
16
Suppose 3*a = -a + 48. What is the highest common divisor of 108 and a?
12
Let j be (-2 - 5) + (-1 - -4). Let r = j - -13. Calculate the greatest common divisor of r and 3.
3
Let z be -1 + (1 - -1) + 37. Let f = 66 + z. Let p(w) = -2*w + 1. Let y be p(-6). Calculate the highest common factor of y and f.
13
Suppose -2*x + 8 - 18 = 5*i, i - x = -2. Let q be i/(-4) + (-41)/(-2). Calculate the greatest common divisor of 21 and q.
21
Let u = 13 + -6. Suppose 0*s - 12 = -2*s. Let d(k) = k**3 - 5*k**2 - 4*k - 5. Let c be d(s). What is the greatest common divisor of c and u?
7
Let t(w) = w**2 + 7*w + 4. Let l be t(-5). Let d(u) = -u**3 - 6*u**2 - 6*u - 3. Let g be d(l). Calculate the greatest common factor of g and 3.
3
Let h(b) = -60*b**2 - 2*b - 1. Let c be h(2). Let m be (-2 - c)*(-2)/(-6). What is the greatest common factor of m and 9?
9
Suppose 156 = 3*s - 4*k, -3*k = 3*s + k - 132. What is the highest common divisor of s and 24?
24
Suppose 3*x - 127 = -19. Suppose -a + 0*a = -x. What is the greatest common divisor of 90 and a?
18
Suppose -44 = -5*r + 3*r. Calculate the highest common divisor of r and 11.
11
Suppose 0 = -37*f + 42*f - 1755. What is the highest common divisor of f and 39?
39
Let r(w) = -w - 5. Let b be r(-8). Suppose 3*i + b*d - 48 = 0, -3*i = -2*d - 3*d - 48. Suppose 0 = 5*j - 9 - 311. What is the greatest common factor of i and j?
16
Let l be (4 + -18)/(3/(-6)). Calculate the highest common factor of l and 70.
14
Let h(x) = -x**3 + 5*x**2 + 3. Let c be h(5). Let s be (-121)/c*1*-3. Let q(p) = 2*p + 33. Let r be q(-11). Calculate the greatest common factor of s and r.
11
Suppose -a - 4*a + 35 = -5*b, -5*a - b = -59. What is the highest common divisor of a and 99?
11
Suppose 0 = 5*i + 5*h - 85, 5*i + 6 = 5*h + 41. Let t = i - 3. Suppose -k + t = 2*k. Calculate the highest common divisor of k and 15.
3
Let i be (-2 + 10/4)*4. Suppose 0 = -s + i*s - 5. Suppose -s*q = -25 - 85. Calculate the greatest common factor of q and 55.
11
Suppose -1 = k - 7. Let f be (-1 + k/4)*8. Suppose 4*c + 0*z - 14 = 3*z, -2*z = f*c - 24. What is the greatest common factor of c and 35?
5
Let i be ((-2)/(-4))/(6/24). Let v be ((-1)/i)/(4/(-520)). Calculate the highest common divisor of 26 and v.
13
Suppose j - q + 6*q = 9, 3*j = 2*q - 7. Let y(d) = 10*d**2 + 1. Let x be y(j). Let w = -19 - -30. What is the highest common divisor of w and x?
11
Let x(g) be the second derivative of g**4/12 - g**3/6 + 10*g**2 + 5*g. Let q be x(0). Calculate the highest common factor of q and 20.
20
Suppose -3*v = -105 + 15. Let r be 36/v*(-15)/(-2). What is the greatest common factor of r and 9?
9
Suppose 4*v = o - 0*o + 42, 210 = -5*o + v. Let p = o - -84. Calculate the highest common divisor of 28 and p.
14
Suppose 0 = 2*y + 2*y - 60. Let a be (42/y)/(-1)*-5. What is the greatest common divisor of 56 and a?
14
Let z = 28 - 53. Let y = z + 41. Calculate the greatest common divisor of 16 and y.
16
Let y = 1 - -2. Suppose -y*g + 3*u + 12 = -3, -11 = -5*g - 2*u. Suppose -g*i = -6*i + 36. What is the highest common factor of 12 and i?
12
Let d(i) = -6*i + 4. Let y be d(-4). Let b = 9 + -6. Suppose b*s = -4*h + 31, 0*h = -h + 3*s + 4. Calculate the highest common divisor of h and y.
7
Suppose 3*v + u + 191 = 0, 4*v + v + 325 = 5*u. Let i be (-1)/(2/v) + 0. What is the greatest common factor of i and 8?
8
Let h = -14 - -18. Suppose 0*s + 36 = h*s. Calculate the greatest common divisor of s and 90.
9
Let o be 3/18*131 - 1/(-6). What is the greatest common divisor of 110 and o?
22
Suppose 315 = 2*o - 0*v + v, 10 = -2*v. Suppose o = -k + 3*k. What is the highest common divisor of 32 and k?
16
Let h be 70/21*(-54)/(-10). What is the highest common divisor of h and 126?
18
Suppose -12 = -5*j + j. What is the highest common divisor of 3 and j?
3
Let q(l) = -l**2 - 7*l + 11. Let m be q(-8). Suppose -4*i + 21 + m = 0. Calculate the greatest common divisor of i and 3.
3
Suppose 0 = 4*o - 33 + 9. Let b = 40 - 22. What is the highest common divisor of b and o?
6
Let w(s) = -s**2 + 5*s. Let l be w(4). Suppose -6*a + l*a = -12. Calculate the highest common divisor of 2 and a.
2
Let i be 15 + (-1)/(1 + 0). Suppose -456*j + 461*j = 280. Calculate the highest common divisor of i and j.
14
Let p(g) = 29*g**3 - g**2 + 2*g - 1. Let i be p(1). Suppose 4*v - 3*l = -59, 0 = 3*l - 1 - 2. Let f = v + i. Calculate the greatest common divisor of f and 10.
5
Suppose 3*s - 5*p = 53, -s + p = -p - 19. Suppose s*o - 9*o = 14. What is the highest common factor of o and 7?
7
Suppose 3*x + 0*x - 6 = 0. Suppose -a + x*m = -200, 230 = 3*a + 3*m - 343. Suppose -4*v + a + 254 = 0. Calculate the highest common divisor of v and 14.
14
Let x = -7 - -24. Let a = x + -13. What is the highest common factor of 12 and a?
4
Let p(j) = 6*j**2 + 9*j + 3. Let x be 36/15 - 4/10. Let t be (-6)/((-1)/(x + -3)). Let r be p(t). What is the highest common divisor of r and 15?
15
Suppose 0*y = 5*y - 15. Suppose 0 = -4*t, 5*h + 3*t = 8*t + 10. What is the highest common divisor of h and y?
1
Let v be (-47)/(-4) - 1/(-4). Let k(q) = q**2 - 6*q + 2. Let z be k(4). Let b be -72*(0 + 8/z). Calculate the highest common divisor of v and b.
12
Let r(z) = 10*z - 65. Let s be r(11). Calculate the highest common divisor of s and 45.
45
Let g(n) = n**2 - n + 10. Let m be g(0). Let s be (-64)/(-2 - -4)*-44. Let r be 4/(-14) - s/(-28). Calculate the highest common factor of m and r.
10
Suppose 0 = -4*l + 42 + 6. Let h(m) be the third derivative of m**4/6 + m**2. Let w be h(3). Calculate the greatest common divisor of w and l.
12
Let u(l) = 2*l + 0*l - 9 - 3*l. Let g be u(-13). Calculate the highest common divisor of g and 28.
4
Let b be 40/(-12)*(-15)/1. Calculate the greatest common factor of b and 125.
25
Suppose u - 44 = -32. Calculate the greatest common divisor of 96 and u.
12
